{"id":3894,"date":"2025-05-29T01:55:45","date_gmt":"2025-05-28T23:55:45","guid":{"rendered":"https:\/\/kazaroo.pl\/shop\/?post_type=product&#038;p=3894"},"modified":"2025-12-29T21:35:27","modified_gmt":"2025-12-29T20:35:27","slug":"moderator-bluza-z-kapturem-asap-czarna","status":"publish","type":"product","link":"https:\/\/kazaroo.pl\/shop\/produkt\/moderator-bluza-z-kapturem-asap-czarna\/","title":{"rendered":"moderator bluza z kapturem &#8220;ASAP&#8221; czarna"},"content":{"rendered":"<p><span class=\"wstep\">Prosta i klasyczna bluza z kapturem i stylowym wzorem z przodu. Nadruk wykonany za pomoc\u0105 termotransferowej folii flex, zapewnia trwa\u0142y kolor odporny na wielokrotne pranie.\u00a0<\/span><\/p>\n<div id=\"calosc\">Bluza wykonana z mi\u0119kkiej dzianiny szczotkowanej od wewn\u0105trz; wersja bez naszytej kieszeni; dwuwarstwowy kaptur z regulacj\u0105 na sznurek; elastyczne \u015bci\u0105gacze; podw\u00f3jne szwy; ta\u015bma wzmacniaj\u0105ca na karku i ramionach.<\/div>\n<ul class=\"elements\">\n<li><strong>GRAMATURA:<\/strong>\u00a0250g\/m2<\/li>\n<li><strong>SK\u0141AD:<\/strong>\u00a080% bawe\u0142na, 20% poliester<\/li>\n<\/ul>\n","protected":false},"excerpt":{"rendered":"<p>Klasyczna czarna bluza z kapturem ze wzorem.<\/p>\n","protected":false},"featured_media":3873,"template":"","meta":{"site-sidebar-layout":"default","site-content-layout":"default","ast-global-header-display":"","ast-main-header-display":"","ast-hfb-above-header-display":"","ast-hfb-below-header-display":"","ast-hfb-mobile-header-display":"","site-post-title":"","ast-breadcrumbs-content":"","ast-featured-img":"","footer-sml-layout":"","theme-transparent-header-meta":"default","adv-header-id-meta":"","stick-header-meta":"","header-above-stick-meta":"","header-main-stick-meta":"","header-below-stick-meta":""},"product_cat":[86],"product_tag":[],"class_list":{"0":"post-3894","1":"product","2":"type-product","3":"status-publish","4":"has-post-thumbnail","6":"product_cat-moderator","7":"desktop-align-left","8":"tablet-align-left","9":"mobile-align-left","11":"first","12":"outofstock","13":"taxable","14":"shipping-taxable","15":"purchasable","16":"product-type-variable"},"yoast_head":"<!-- This site is optimized with the Yoast SEO plugin v23.5 - https:\/\/yoast.com\/wordpress\/plugins\/seo\/ -->\n<title>moderator bluza z kapturem &quot;ASAP&quot; czarna - Kazaroo - nowy wymiar zdobienia<\/title>\n<meta name=\"description\" content=\"Klasyczna bluza z kapturem z nadrukowanym wzorem. Najwy\u017cszej jako\u015bci dzianina zapewnia komfort i trwa\u0142o\u015b\u0107 u\u017cytkowania. Wejd\u017a i sprawd\u017a sam\" \/>\n<meta name=\"robots\" content=\"index, follow, max-snippet:-1, max-image-preview:large, max-video-preview:-1\" \/>\n<link rel=\"canonical\" href=\"https:\/\/kazaroo.pl\/shop\/produkt\/moderator-bluza-z-kapturem-asap-czarna\/\" \/>\n<meta property=\"og:locale\" content=\"pl_PL\" \/>\n<meta property=\"og:type\" content=\"article\" \/>\n<meta property=\"og:title\" content=\"moderator bluza z kapturem &quot;ASAP&quot; czarna - Kazaroo - nowy wymiar zdobienia\" \/>\n<meta property=\"og:description\" content=\"Klasyczna bluza z kapturem z nadrukowanym wzorem. Najwy\u017cszej jako\u015bci dzianina zapewnia komfort i trwa\u0142o\u015b\u0107 u\u017cytkowania. Wejd\u017a i sprawd\u017a sam\" \/>\n<meta property=\"og:url\" content=\"https:\/\/kazaroo.pl\/shop\/produkt\/moderator-bluza-z-kapturem-asap-czarna\/\" \/>\n<meta property=\"og:site_name\" content=\"Kazaroo - nowy wymiar zdobienia\" \/>\n<meta property=\"article:modified_time\" content=\"2025-12-29T20:35:27+00:00\" \/>\n<meta property=\"og:image\" content=\"https:\/\/kazaroo.pl\/shop\/wp-content\/uploads\/2025\/05\/moderator-bluza-kap-czarna-asap.jpg\" \/>\n\t<meta property=\"og:image:width\" content=\"1000\" \/>\n\t<meta property=\"og:image:height\" content=\"1000\" \/>\n\t<meta property=\"og:image:type\" content=\"image\/jpeg\" \/>\n<meta name=\"twitter:card\" content=\"summary_large_image\" \/>\n<meta name=\"twitter:label1\" content=\"Szacowany czas czytania\" \/>\n\t<meta name=\"twitter:data1\" content=\"1 minuta\" \/>\n<script type=\"application\/ld+json\" class=\"yoast-schema-graph\">{\"@context\":\"https:\/\/schema.org\",\"@graph\":[{\"@type\":\"WebPage\",\"@id\":\"https:\/\/kazaroo.pl\/shop\/produkt\/moderator-bluza-z-kapturem-asap-czarna\/\",\"url\":\"https:\/\/kazaroo.pl\/shop\/produkt\/moderator-bluza-z-kapturem-asap-czarna\/\",\"name\":\"moderator bluza z kapturem \\\"ASAP\\\" czarna - Kazaroo - nowy wymiar zdobienia\",\"isPartOf\":{\"@id\":\"https:\/\/kazaroo.pl\/shop\/#website\"},\"primaryImageOfPage\":{\"@id\":\"https:\/\/kazaroo.pl\/shop\/produkt\/moderator-bluza-z-kapturem-asap-czarna\/#primaryimage\"},\"image\":{\"@id\":\"https:\/\/kazaroo.pl\/shop\/produkt\/moderator-bluza-z-kapturem-asap-czarna\/#primaryimage\"},\"thumbnailUrl\":\"https:\/\/kazaroo.pl\/shop\/wp-content\/uploads\/2025\/05\/moderator-bluza-kap-czarna-asap.jpg\",\"datePublished\":\"2025-05-28T23:55:45+00:00\",\"dateModified\":\"2025-12-29T20:35:27+00:00\",\"description\":\"Klasyczna bluza z kapturem z nadrukowanym wzorem. Najwy\u017cszej jako\u015bci dzianina zapewnia komfort i trwa\u0142o\u015b\u0107 u\u017cytkowania. Wejd\u017a i sprawd\u017a sam\",\"breadcrumb\":{\"@id\":\"https:\/\/kazaroo.pl\/shop\/produkt\/moderator-bluza-z-kapturem-asap-czarna\/#breadcrumb\"},\"inLanguage\":\"pl-PL\",\"potentialAction\":[{\"@type\":\"ReadAction\",\"target\":[\"https:\/\/kazaroo.pl\/shop\/produkt\/moderator-bluza-z-kapturem-asap-czarna\/\"]}]},{\"@type\":\"ImageObject\",\"inLanguage\":\"pl-PL\",\"@id\":\"https:\/\/kazaroo.pl\/shop\/produkt\/moderator-bluza-z-kapturem-asap-czarna\/#primaryimage\",\"url\":\"https:\/\/kazaroo.pl\/shop\/wp-content\/uploads\/2025\/05\/moderator-bluza-kap-czarna-asap.jpg\",\"contentUrl\":\"https:\/\/kazaroo.pl\/shop\/wp-content\/uploads\/2025\/05\/moderator-bluza-kap-czarna-asap.jpg\",\"width\":1000,\"height\":1000},{\"@type\":\"BreadcrumbList\",\"@id\":\"https:\/\/kazaroo.pl\/shop\/produkt\/moderator-bluza-z-kapturem-asap-czarna\/#breadcrumb\",\"itemListElement\":[{\"@type\":\"ListItem\",\"position\":1,\"name\":\"Strona g\u0142\u00f3wna\",\"item\":\"https:\/\/kazaroo.pl\/shop\/\"},{\"@type\":\"ListItem\",\"position\":2,\"name\":\"Sklep\",\"item\":\"https:\/\/kazaroo.pl\/shop\/wzory\/\"},{\"@type\":\"ListItem\",\"position\":3,\"name\":\"moderator bluza z kapturem &#8220;ASAP&#8221; czarna\"}]},{\"@type\":\"WebSite\",\"@id\":\"https:\/\/kazaroo.pl\/shop\/#website\",\"url\":\"https:\/\/kazaroo.pl\/shop\/\",\"name\":\"Kazaroo - nowy wymiar zdobienia\",\"description\":\"Wzory \",\"publisher\":{\"@id\":\"https:\/\/kazaroo.pl\/shop\/#organization\"},\"potentialAction\":[{\"@type\":\"SearchAction\",\"target\":{\"@type\":\"EntryPoint\",\"urlTemplate\":\"https:\/\/kazaroo.pl\/shop\/?s={search_term_string}\"},\"query-input\":{\"@type\":\"PropertyValueSpecification\",\"valueRequired\":true,\"valueName\":\"search_term_string\"}}],\"inLanguage\":\"pl-PL\"},{\"@type\":\"Organization\",\"@id\":\"https:\/\/kazaroo.pl\/shop\/#organization\",\"name\":\"Kazaroo - motywy d\u017cetowe | druk dtf | znakowanie foli\u0105 flex i flock\",\"url\":\"https:\/\/kazaroo.pl\/shop\/\",\"logo\":{\"@type\":\"ImageObject\",\"inLanguage\":\"pl-PL\",\"@id\":\"https:\/\/kazaroo.pl\/shop\/#\/schema\/logo\/image\/\",\"url\":\"https:\/\/kazaroo.pl\/shop\/wp-content\/uploads\/2021\/07\/Kazaroo-logo-fina-05.svg\",\"contentUrl\":\"https:\/\/kazaroo.pl\/shop\/wp-content\/uploads\/2021\/07\/Kazaroo-logo-fina-05.svg\",\"width\":116,\"height\":97,\"caption\":\"Kazaroo - motywy d\u017cetowe | druk dtf | znakowanie foli\u0105 flex i flock\"},\"image\":{\"@id\":\"https:\/\/kazaroo.pl\/shop\/#\/schema\/logo\/image\/\"},\"sameAs\":[\"https:\/\/www.instagram.com\/kazaroo_shop\"]}]}<\/script>\n<!-- \/ Yoast SEO plugin. -->","yoast_head_json":{"title":"moderator bluza z kapturem \"ASAP\" czarna - Kazaroo - nowy wymiar zdobienia","description":"Klasyczna bluza z kapturem z nadrukowanym wzorem. Najwy\u017cszej jako\u015bci dzianina zapewnia komfort i trwa\u0142o\u015b\u0107 u\u017cytkowania. Wejd\u017a i sprawd\u017a sam","robots":{"index":"index","follow":"follow","max-snippet":"max-snippet:-1","max-image-preview":"max-image-preview:large","max-video-preview":"max-video-preview:-1"},"canonical":"https:\/\/kazaroo.pl\/shop\/produkt\/moderator-bluza-z-kapturem-asap-czarna\/","og_locale":"pl_PL","og_type":"article","og_title":"moderator bluza z kapturem \"ASAP\" czarna - Kazaroo - nowy wymiar zdobienia","og_description":"Klasyczna bluza z kapturem z nadrukowanym wzorem. Najwy\u017cszej jako\u015bci dzianina zapewnia komfort i trwa\u0142o\u015b\u0107 u\u017cytkowania. Wejd\u017a i sprawd\u017a sam","og_url":"https:\/\/kazaroo.pl\/shop\/produkt\/moderator-bluza-z-kapturem-asap-czarna\/","og_site_name":"Kazaroo - nowy wymiar zdobienia","article_modified_time":"2025-12-29T20:35:27+00:00","og_image":[{"width":1000,"height":1000,"url":"https:\/\/kazaroo.pl\/shop\/wp-content\/uploads\/2025\/05\/moderator-bluza-kap-czarna-asap.jpg","type":"image\/jpeg"}],"twitter_card":"summary_large_image","twitter_misc":{"Szacowany czas czytania":"1 minuta"},"schema":{"@context":"https:\/\/schema.org","@graph":[{"@type":"WebPage","@id":"https:\/\/kazaroo.pl\/shop\/produkt\/moderator-bluza-z-kapturem-asap-czarna\/","url":"https:\/\/kazaroo.pl\/shop\/produkt\/moderator-bluza-z-kapturem-asap-czarna\/","name":"moderator bluza z kapturem \"ASAP\" czarna - Kazaroo - nowy wymiar zdobienia","isPartOf":{"@id":"https:\/\/kazaroo.pl\/shop\/#website"},"primaryImageOfPage":{"@id":"https:\/\/kazaroo.pl\/shop\/produkt\/moderator-bluza-z-kapturem-asap-czarna\/#primaryimage"},"image":{"@id":"https:\/\/kazaroo.pl\/shop\/produkt\/moderator-bluza-z-kapturem-asap-czarna\/#primaryimage"},"thumbnailUrl":"https:\/\/kazaroo.pl\/shop\/wp-content\/uploads\/2025\/05\/moderator-bluza-kap-czarna-asap.jpg","datePublished":"2025-05-28T23:55:45+00:00","dateModified":"2025-12-29T20:35:27+00:00","description":"Klasyczna bluza z kapturem z nadrukowanym wzorem. Najwy\u017cszej jako\u015bci dzianina zapewnia komfort i trwa\u0142o\u015b\u0107 u\u017cytkowania. Wejd\u017a i sprawd\u017a sam","breadcrumb":{"@id":"https:\/\/kazaroo.pl\/shop\/produkt\/moderator-bluza-z-kapturem-asap-czarna\/#breadcrumb"},"inLanguage":"pl-PL","potentialAction":[{"@type":"ReadAction","target":["https:\/\/kazaroo.pl\/shop\/produkt\/moderator-bluza-z-kapturem-asap-czarna\/"]}]},{"@type":"ImageObject","inLanguage":"pl-PL","@id":"https:\/\/kazaroo.pl\/shop\/produkt\/moderator-bluza-z-kapturem-asap-czarna\/#primaryimage","url":"https:\/\/kazaroo.pl\/shop\/wp-content\/uploads\/2025\/05\/moderator-bluza-kap-czarna-asap.jpg","contentUrl":"https:\/\/kazaroo.pl\/shop\/wp-content\/uploads\/2025\/05\/moderator-bluza-kap-czarna-asap.jpg","width":1000,"height":1000},{"@type":"BreadcrumbList","@id":"https:\/\/kazaroo.pl\/shop\/produkt\/moderator-bluza-z-kapturem-asap-czarna\/#breadcrumb","itemListElement":[{"@type":"ListItem","position":1,"name":"Strona g\u0142\u00f3wna","item":"https:\/\/kazaroo.pl\/shop\/"},{"@type":"ListItem","position":2,"name":"Sklep","item":"https:\/\/kazaroo.pl\/shop\/wzory\/"},{"@type":"ListItem","position":3,"name":"moderator bluza z kapturem &#8220;ASAP&#8221; czarna"}]},{"@type":"WebSite","@id":"https:\/\/kazaroo.pl\/shop\/#website","url":"https:\/\/kazaroo.pl\/shop\/","name":"Kazaroo - nowy wymiar zdobienia","description":"Wzory ","publisher":{"@id":"https:\/\/kazaroo.pl\/shop\/#organization"},"potentialAction":[{"@type":"SearchAction","target":{"@type":"EntryPoint","urlTemplate":"https:\/\/kazaroo.pl\/shop\/?s={search_term_string}"},"query-input":{"@type":"PropertyValueSpecification","valueRequired":true,"valueName":"search_term_string"}}],"inLanguage":"pl-PL"},{"@type":"Organization","@id":"https:\/\/kazaroo.pl\/shop\/#organization","name":"Kazaroo - motywy d\u017cetowe | druk dtf | znakowanie foli\u0105 flex i flock","url":"https:\/\/kazaroo.pl\/shop\/","logo":{"@type":"ImageObject","inLanguage":"pl-PL","@id":"https:\/\/kazaroo.pl\/shop\/#\/schema\/logo\/image\/","url":"https:\/\/kazaroo.pl\/shop\/wp-content\/uploads\/2021\/07\/Kazaroo-logo-fina-05.svg","contentUrl":"https:\/\/kazaroo.pl\/shop\/wp-content\/uploads\/2021\/07\/Kazaroo-logo-fina-05.svg","width":116,"height":97,"caption":"Kazaroo - motywy d\u017cetowe | druk dtf | znakowanie foli\u0105 flex i flock"},"image":{"@id":"https:\/\/kazaroo.pl\/shop\/#\/schema\/logo\/image\/"},"sameAs":["https:\/\/www.instagram.com\/kazaroo_shop"]}]}},"_links":{"self":[{"href":"https:\/\/kazaroo.pl\/shop\/wp-json\/wp\/v2\/product\/3894","targetHints":{"allow":["GET"]}}],"collection":[{"href":"https:\/\/kazaroo.pl\/shop\/wp-json\/wp\/v2\/product"}],"about":[{"href":"https:\/\/kazaroo.pl\/shop\/wp-json\/wp\/v2\/types\/product"}],"wp:featuredmedia":[{"embeddable":true,"href":"https:\/\/kazaroo.pl\/shop\/wp-json\/wp\/v2\/media\/3873"}],"wp:attachment":[{"href":"https:\/\/kazaroo.pl\/shop\/wp-json\/wp\/v2\/media?parent=3894"}],"wp:term":[{"taxonomy":"product_cat","embeddable":true,"href":"https:\/\/kazaroo.pl\/shop\/wp-json\/wp\/v2\/product_cat?post=3894"},{"taxonomy":"product_tag","embeddable":true,"href":"https:\/\/kazaroo.pl\/shop\/wp-json\/wp\/v2\/product_tag?post=3894"}],"curies":[{"name":"wp","href":"https:\/\/api.w.org\/{rel}","templated":true}]}}