{"id":3509,"date":"2024-12-02T10:24:47","date_gmt":"2024-12-02T09:24:47","guid":{"rendered":"https:\/\/kazaroo.pl\/shop\/?post_type=product&#038;p=3509"},"modified":"2024-12-02T13:00:10","modified_gmt":"2024-12-02T12:00:10","slug":"x-mass-graffiti","status":"publish","type":"product","link":"https:\/\/kazaroo.pl\/shop\/produkt\/x-mass-graffiti\/","title":{"rendered":"X-MASS GRAFFITI"},"content":{"rendered":"","protected":false},"excerpt":{"rendered":"<p><span data-sheets-root=\"1\" data-sheets-value=\"{&quot;1&quot;:2,&quot;2&quot;:&quot;O\u017cyw swoj\u0105 garderob\u0119 wyj\u0105tkowym motywem wykonanym w technologii druku DTF! Ten innowacyjny proces druku cyfrowego pozwala na tworzenie niezwykle detalicznych i kolorowych wzor\u00f3w, kt\u00f3re b\u0119d\u0105 si\u0119 wyr\u00f3\u017cnia\u0107 na Twoich ubraniach.nnDruk DTF zapewnia nie tylko wyj\u0105tkow\u0105 jako\u015b\u0107, ale tak\u017ce trwa\u0142o\u015b\u0107. Wzory wykonane w tej technologii s\u0105 odporne na \u015bcieranie i blakni\u0119cie, dzi\u0119ki czemu mo\u017cesz cieszy\u0107 si\u0119 ich pi\u0119knem przez d\u0142ugie lata.n&quot;}\" data-sheets-userformat=\"{&quot;2&quot;:769,&quot;3&quot;:{&quot;1&quot;:0},&quot;11&quot;:4,&quot;12&quot;:0}\">O\u017cyw swoj\u0105 garderob\u0119 wyj\u0105tkowym motywem wykonanym w technologii druku DTF! Ten innowacyjny proces druku cyfrowego pozwala na tworzenie niezwykle detalicznych i kolorowych wzor\u00f3w, kt\u00f3re b\u0119d\u0105 si\u0119 wyr\u00f3\u017cnia\u0107 na Twoich ubraniach.<\/span><\/p>\n<p>Druk DTF zapewnia nie tylko wyj\u0105tkow\u0105 jako\u015b\u0107, ale tak\u017ce trwa\u0142o\u015b\u0107. Wzory wykonane w tej technologii s\u0105 odporne na \u015bcieranie i blakni\u0119cie, dzi\u0119ki czemu mo\u017cesz cieszy\u0107 si\u0119 ich pi\u0119knem przez d\u0142ugie lata.<\/p>\n<p><em>Produkt prezentowany jest na wizualizacjach, w rzeczywisto\u015bci mo\u017ce minimalnie si\u0119 r\u00f3\u017cni\u0107. Przed zakupem sprawd\u017a rzeczywisty wymiar wzoru i ubrania.<\/em><\/p>\n","protected":false},"featured_media":3504,"template":"","meta":{"site-sidebar-layout":"default","site-content-layout":"default","ast-global-header-display":"","ast-main-header-display":"","ast-hfb-above-header-display":"","ast-hfb-below-header-display":"","ast-hfb-mobile-header-display":"","site-post-title":"","ast-breadcrumbs-content":"","ast-featured-img":"","footer-sml-layout":"","theme-transparent-header-meta":"default","adv-header-id-meta":"","stick-header-meta":"","header-above-stick-meta":"","header-main-stick-meta":"","header-below-stick-meta":""},"product_cat":[43,73],"product_tag":[],"class_list":{"0":"post-3509","1":"product","2":"type-product","3":"status-publish","4":"has-post-thumbnail","6":"product_cat-dtf","7":"product_cat-swieta","8":"desktop-align-left","9":"tablet-align-left","10":"mobile-align-left","12":"first","13":"instock","14":"taxable","15":"shipping-taxable","16":"purchasable","17":"product-type-variable"},"yoast_head":"<!-- This site is optimized with the Yoast SEO plugin v23.5 - https:\/\/yoast.com\/wordpress\/plugins\/seo\/ -->\n<title>X-MASS GRAFFITI - Kazaroo - nowy wymiar zdobienia<\/title>\n<meta name=\"robots\" content=\"index, follow, max-snippet:-1, max-image-preview:large, max-video-preview:-1\" \/>\n<link rel=\"canonical\" href=\"https:\/\/kazaroo.pl\/shop\/produkt\/x-mass-graffiti\/\" \/>\n<meta property=\"og:locale\" content=\"pl_PL\" \/>\n<meta property=\"og:type\" content=\"article\" \/>\n<meta property=\"og:title\" content=\"X-MASS GRAFFITI - Kazaroo - nowy wymiar zdobienia\" \/>\n<meta property=\"og:description\" content=\"O\u017cyw swoj\u0105 garderob\u0119 wyj\u0105tkowym motywem wykonanym w technologii druku DTF! Ten innowacyjny proces druku cyfrowego pozwala na tworzenie niezwykle detalicznych i kolorowych wzor\u00f3w, kt\u00f3re b\u0119d\u0105 si\u0119 wyr\u00f3\u017cnia\u0107 na Twoich ubraniach.  Druk DTF zapewnia nie tylko wyj\u0105tkow\u0105 jako\u015b\u0107, ale tak\u017ce trwa\u0142o\u015b\u0107. Wzory wykonane w tej technologii s\u0105 odporne na \u015bcieranie i blakni\u0119cie, dzi\u0119ki czemu mo\u017cesz cieszy\u0107 si\u0119 ich pi\u0119knem przez d\u0142ugie lata.  Produkt prezentowany jest na wizualizacjach, w rzeczywisto\u015bci mo\u017ce minimalnie si\u0119 r\u00f3\u017cni\u0107. Przed zakupem sprawd\u017a rzeczywisty wymiar wzoru i ubrania.\" \/>\n<meta property=\"og:url\" content=\"https:\/\/kazaroo.pl\/shop\/produkt\/x-mass-graffiti\/\" \/>\n<meta property=\"og:site_name\" content=\"Kazaroo - nowy wymiar zdobienia\" \/>\n<meta property=\"article:modified_time\" content=\"2024-12-02T12:00:10+00:00\" \/>\n<meta property=\"og:image\" content=\"https:\/\/kazaroo.pl\/shop\/wp-content\/uploads\/2024\/12\/x-mass-graffiti.jpg\" \/>\n\t<meta property=\"og:image:width\" content=\"1000\" \/>\n\t<meta property=\"og:image:height\" content=\"1000\" \/>\n\t<meta property=\"og:image:type\" content=\"image\/jpeg\" \/>\n<meta name=\"twitter:card\" content=\"summary_large_image\" \/>\n<meta name=\"twitter:label1\" content=\"Szacowany czas czytania\" \/>\n\t<meta name=\"twitter:data1\" content=\"1 minuta\" \/>\n<script type=\"application\/ld+json\" class=\"yoast-schema-graph\">{\"@context\":\"https:\/\/schema.org\",\"@graph\":[{\"@type\":\"WebPage\",\"@id\":\"https:\/\/kazaroo.pl\/shop\/produkt\/x-mass-graffiti\/\",\"url\":\"https:\/\/kazaroo.pl\/shop\/produkt\/x-mass-graffiti\/\",\"name\":\"X-MASS GRAFFITI - Kazaroo - nowy wymiar zdobienia\",\"isPartOf\":{\"@id\":\"https:\/\/kazaroo.pl\/shop\/#website\"},\"primaryImageOfPage\":{\"@id\":\"https:\/\/kazaroo.pl\/shop\/produkt\/x-mass-graffiti\/#primaryimage\"},\"image\":{\"@id\":\"https:\/\/kazaroo.pl\/shop\/produkt\/x-mass-graffiti\/#primaryimage\"},\"thumbnailUrl\":\"https:\/\/kazaroo.pl\/shop\/wp-content\/uploads\/2024\/12\/x-mass-graffiti.jpg\",\"datePublished\":\"2024-12-02T09:24:47+00:00\",\"dateModified\":\"2024-12-02T12:00:10+00:00\",\"breadcrumb\":{\"@id\":\"https:\/\/kazaroo.pl\/shop\/produkt\/x-mass-graffiti\/#breadcrumb\"},\"inLanguage\":\"pl-PL\",\"potentialAction\":[{\"@type\":\"ReadAction\",\"target\":[\"https:\/\/kazaroo.pl\/shop\/produkt\/x-mass-graffiti\/\"]}]},{\"@type\":\"ImageObject\",\"inLanguage\":\"pl-PL\",\"@id\":\"https:\/\/kazaroo.pl\/shop\/produkt\/x-mass-graffiti\/#primaryimage\",\"url\":\"https:\/\/kazaroo.pl\/shop\/wp-content\/uploads\/2024\/12\/x-mass-graffiti.jpg\",\"contentUrl\":\"https:\/\/kazaroo.pl\/shop\/wp-content\/uploads\/2024\/12\/x-mass-graffiti.jpg\",\"width\":1000,\"height\":1000},{\"@type\":\"BreadcrumbList\",\"@id\":\"https:\/\/kazaroo.pl\/shop\/produkt\/x-mass-graffiti\/#breadcrumb\",\"itemListElement\":[{\"@type\":\"ListItem\",\"position\":1,\"name\":\"Strona g\u0142\u00f3wna\",\"item\":\"https:\/\/kazaroo.pl\/shop\/\"},{\"@type\":\"ListItem\",\"position\":2,\"name\":\"Sklep\",\"item\":\"https:\/\/kazaroo.pl\/shop\/wzory\/\"},{\"@type\":\"ListItem\",\"position\":3,\"name\":\"X-MASS GRAFFITI\"}]},{\"@type\":\"WebSite\",\"@id\":\"https:\/\/kazaroo.pl\/shop\/#website\",\"url\":\"https:\/\/kazaroo.pl\/shop\/\",\"name\":\"Kazaroo - nowy wymiar zdobienia\",\"description\":\"Wzory \",\"publisher\":{\"@id\":\"https:\/\/kazaroo.pl\/shop\/#organization\"},\"potentialAction\":[{\"@type\":\"SearchAction\",\"target\":{\"@type\":\"EntryPoint\",\"urlTemplate\":\"https:\/\/kazaroo.pl\/shop\/?s={search_term_string}\"},\"query-input\":{\"@type\":\"PropertyValueSpecification\",\"valueRequired\":true,\"valueName\":\"search_term_string\"}}],\"inLanguage\":\"pl-PL\"},{\"@type\":\"Organization\",\"@id\":\"https:\/\/kazaroo.pl\/shop\/#organization\",\"name\":\"Kazaroo - motywy d\u017cetowe | druk dtf | znakowanie foli\u0105 flex i flock\",\"url\":\"https:\/\/kazaroo.pl\/shop\/\",\"logo\":{\"@type\":\"ImageObject\",\"inLanguage\":\"pl-PL\",\"@id\":\"https:\/\/kazaroo.pl\/shop\/#\/schema\/logo\/image\/\",\"url\":\"https:\/\/kazaroo.pl\/shop\/wp-content\/uploads\/2021\/07\/Kazaroo-logo-fina-05.svg\",\"contentUrl\":\"https:\/\/kazaroo.pl\/shop\/wp-content\/uploads\/2021\/07\/Kazaroo-logo-fina-05.svg\",\"width\":116,\"height\":97,\"caption\":\"Kazaroo - motywy d\u017cetowe | druk dtf | znakowanie foli\u0105 flex i flock\"},\"image\":{\"@id\":\"https:\/\/kazaroo.pl\/shop\/#\/schema\/logo\/image\/\"},\"sameAs\":[\"https:\/\/www.instagram.com\/kazaroo_shop\"]}]}<\/script>\n<!-- \/ Yoast SEO plugin. -->","yoast_head_json":{"title":"X-MASS GRAFFITI - Kazaroo - nowy wymiar zdobienia","robots":{"index":"index","follow":"follow","max-snippet":"max-snippet:-1","max-image-preview":"max-image-preview:large","max-video-preview":"max-video-preview:-1"},"canonical":"https:\/\/kazaroo.pl\/shop\/produkt\/x-mass-graffiti\/","og_locale":"pl_PL","og_type":"article","og_title":"X-MASS GRAFFITI - Kazaroo - nowy wymiar zdobienia","og_description":"O\u017cyw swoj\u0105 garderob\u0119 wyj\u0105tkowym motywem wykonanym w technologii druku DTF! Ten innowacyjny proces druku cyfrowego pozwala na tworzenie niezwykle detalicznych i kolorowych wzor\u00f3w, kt\u00f3re b\u0119d\u0105 si\u0119 wyr\u00f3\u017cnia\u0107 na Twoich ubraniach.  Druk DTF zapewnia nie tylko wyj\u0105tkow\u0105 jako\u015b\u0107, ale tak\u017ce trwa\u0142o\u015b\u0107. Wzory wykonane w tej technologii s\u0105 odporne na \u015bcieranie i blakni\u0119cie, dzi\u0119ki czemu mo\u017cesz cieszy\u0107 si\u0119 ich pi\u0119knem przez d\u0142ugie lata.  Produkt prezentowany jest na wizualizacjach, w rzeczywisto\u015bci mo\u017ce minimalnie si\u0119 r\u00f3\u017cni\u0107. Przed zakupem sprawd\u017a rzeczywisty wymiar wzoru i ubrania.","og_url":"https:\/\/kazaroo.pl\/shop\/produkt\/x-mass-graffiti\/","og_site_name":"Kazaroo - nowy wymiar zdobienia","article_modified_time":"2024-12-02T12:00:10+00:00","og_image":[{"width":1000,"height":1000,"url":"https:\/\/kazaroo.pl\/shop\/wp-content\/uploads\/2024\/12\/x-mass-graffiti.jpg","type":"image\/jpeg"}],"twitter_card":"summary_large_image","twitter_misc":{"Szacowany czas czytania":"1 minuta"},"schema":{"@context":"https:\/\/schema.org","@graph":[{"@type":"WebPage","@id":"https:\/\/kazaroo.pl\/shop\/produkt\/x-mass-graffiti\/","url":"https:\/\/kazaroo.pl\/shop\/produkt\/x-mass-graffiti\/","name":"X-MASS GRAFFITI - Kazaroo - nowy wymiar zdobienia","isPartOf":{"@id":"https:\/\/kazaroo.pl\/shop\/#website"},"primaryImageOfPage":{"@id":"https:\/\/kazaroo.pl\/shop\/produkt\/x-mass-graffiti\/#primaryimage"},"image":{"@id":"https:\/\/kazaroo.pl\/shop\/produkt\/x-mass-graffiti\/#primaryimage"},"thumbnailUrl":"https:\/\/kazaroo.pl\/shop\/wp-content\/uploads\/2024\/12\/x-mass-graffiti.jpg","datePublished":"2024-12-02T09:24:47+00:00","dateModified":"2024-12-02T12:00:10+00:00","breadcrumb":{"@id":"https:\/\/kazaroo.pl\/shop\/produkt\/x-mass-graffiti\/#breadcrumb"},"inLanguage":"pl-PL","potentialAction":[{"@type":"ReadAction","target":["https:\/\/kazaroo.pl\/shop\/produkt\/x-mass-graffiti\/"]}]},{"@type":"ImageObject","inLanguage":"pl-PL","@id":"https:\/\/kazaroo.pl\/shop\/produkt\/x-mass-graffiti\/#primaryimage","url":"https:\/\/kazaroo.pl\/shop\/wp-content\/uploads\/2024\/12\/x-mass-graffiti.jpg","contentUrl":"https:\/\/kazaroo.pl\/shop\/wp-content\/uploads\/2024\/12\/x-mass-graffiti.jpg","width":1000,"height":1000},{"@type":"BreadcrumbList","@id":"https:\/\/kazaroo.pl\/shop\/produkt\/x-mass-graffiti\/#breadcrumb","itemListElement":[{"@type":"ListItem","position":1,"name":"Strona g\u0142\u00f3wna","item":"https:\/\/kazaroo.pl\/shop\/"},{"@type":"ListItem","position":2,"name":"Sklep","item":"https:\/\/kazaroo.pl\/shop\/wzory\/"},{"@type":"ListItem","position":3,"name":"X-MASS GRAFFITI"}]},{"@type":"WebSite","@id":"https:\/\/kazaroo.pl\/shop\/#website","url":"https:\/\/kazaroo.pl\/shop\/","name":"Kazaroo - nowy wymiar zdobienia","description":"Wzory ","publisher":{"@id":"https:\/\/kazaroo.pl\/shop\/#organization"},"potentialAction":[{"@type":"SearchAction","target":{"@type":"EntryPoint","urlTemplate":"https:\/\/kazaroo.pl\/shop\/?s={search_term_string}"},"query-input":{"@type":"PropertyValueSpecification","valueRequired":true,"valueName":"search_term_string"}}],"inLanguage":"pl-PL"},{"@type":"Organization","@id":"https:\/\/kazaroo.pl\/shop\/#organization","name":"Kazaroo - motywy d\u017cetowe | druk dtf | znakowanie foli\u0105 flex i flock","url":"https:\/\/kazaroo.pl\/shop\/","logo":{"@type":"ImageObject","inLanguage":"pl-PL","@id":"https:\/\/kazaroo.pl\/shop\/#\/schema\/logo\/image\/","url":"https:\/\/kazaroo.pl\/shop\/wp-content\/uploads\/2021\/07\/Kazaroo-logo-fina-05.svg","contentUrl":"https:\/\/kazaroo.pl\/shop\/wp-content\/uploads\/2021\/07\/Kazaroo-logo-fina-05.svg","width":116,"height":97,"caption":"Kazaroo - motywy d\u017cetowe | druk dtf | znakowanie foli\u0105 flex i flock"},"image":{"@id":"https:\/\/kazaroo.pl\/shop\/#\/schema\/logo\/image\/"},"sameAs":["https:\/\/www.instagram.com\/kazaroo_shop"]}]}},"_links":{"self":[{"href":"https:\/\/kazaroo.pl\/shop\/wp-json\/wp\/v2\/product\/3509","targetHints":{"allow":["GET"]}}],"collection":[{"href":"https:\/\/kazaroo.pl\/shop\/wp-json\/wp\/v2\/product"}],"about":[{"href":"https:\/\/kazaroo.pl\/shop\/wp-json\/wp\/v2\/types\/product"}],"wp:featuredmedia":[{"embeddable":true,"href":"https:\/\/kazaroo.pl\/shop\/wp-json\/wp\/v2\/media\/3504"}],"wp:attachment":[{"href":"https:\/\/kazaroo.pl\/shop\/wp-json\/wp\/v2\/media?parent=3509"}],"wp:term":[{"taxonomy":"product_cat","embeddable":true,"href":"https:\/\/kazaroo.pl\/shop\/wp-json\/wp\/v2\/product_cat?post=3509"},{"taxonomy":"product_tag","embeddable":true,"href":"https:\/\/kazaroo.pl\/shop\/wp-json\/wp\/v2\/product_tag?post=3509"}],"curies":[{"name":"wp","href":"https:\/\/api.w.org\/{rel}","templated":true}]}}