{"id":1084,"date":"2023-04-26T17:29:10","date_gmt":"2023-04-26T15:29:10","guid":{"rendered":"https:\/\/kazaroo.pl\/shop\/?page_id=1084"},"modified":"2024-11-06T18:28:17","modified_gmt":"2024-11-06T17:28:17","slug":"zwroty","status":"publish","type":"page","link":"https:\/\/kazaroo.pl\/shop\/zwroty\/","title":{"rendered":"Zwroty"},"content":{"rendered":"\n<p>Zwroty i rekamacje<\/p>\n\n\n\n<p>1. Konsument mo\u017ce odst\u0105pi\u0107 od umowy zawartej na odleg\u0142o\u015b\u0107, sk\u0142adaj\u0105c stosowne o\u015bwiadczenie na pi\u015bmie, w terminie 14 dni.<\/p>\n\n\n\n<p>2. Termin odst\u0105pienia od umowy, o kt\u00f3rym mowa powy\u017cej rozpoczyna si\u0119: dla umowy, w wykonaniu kt\u00f3rej przedsi\u0119biorca wydaje rzecz, b\u0119d\u0105c zobowi\u0105zany do przeniesienia jej w\u0142asno\u015bci &#8211; od obj\u0119cia rzeczy w posiadanie przez Konsumenta lub wskazan\u0105 przez niego osob\u0119 trzeci\u0105 inn\u0105 ni\u017c przewo\u017anik, a w przypadku umowy, kt\u00f3ra: obejmuje wiele rzeczy, kt\u00f3re s\u0105 dostarczone osobno, partiami lub w cz\u0119\u015bciach &#8211; od obj\u0119cia w posiadanie ostatniej rzeczy, partii lub cz\u0119\u015bci; dla pozosta\u0142ych um\u00f3w &#8211; od dnia zawarcia umowy.<\/p>\n\n\n\n<p>3. Odst\u0105pienie mo\u017ce zosta\u0107 zrealizowane poprzez przekazanie jednoznacznego o\u015bwiadczenia o odst\u0105pieniu od umowy sprzeda\u017cy Sprzedawcy. Do zachowania terminu wystarczy wys\u0142anie o\u015bwiadczenia do Sprzedawcy przed up\u0142ywem 14-dniowego terminu, o kt\u00f3rym mowa w ust. 1 powy\u017cej.<\/p>\n\n\n\n<p>4. O\u015bwiadczenie o odst\u0105pieniu od umowy mo\u017ce zosta\u0107 przekazane pisemnie na adres: Typemofos Maciej Mraczek Bednarska 19 95-054 Ksawer\u00f3w ; lub za pomoc\u0105 poczty elektronicznej. Konsument mo\u017ce skorzysta\u0107 z wzoru formularza odst\u0105pienia od umowy znajduj\u0105cego si\u0119 na ko\u0144cu Polityki zwrot\u00f3w.<\/p>\n\n\n\n<p>5. W razie odst\u0105pienia od umowy przez Konsumenta umowa jest uwa\u017cana za niezawart\u0105, a Konsument jest zwolniony z wszelkich zobowi\u0105za\u0144 wobec Sprzedawcy. Je\u017celi Konsument z\u0142o\u017cy\u0142 o\u015bwiadczenie o odst\u0105pieniu od umowy zanim Sprzedawca potwierdzi\u0142 ofert\u0119, oferta przestaje wi\u0105za\u0107.<\/p>\n\n\n\n<p>6. Towar zakupiony przez Konsumenta ulega zwrotowi w stanie niezmienionym. Zwracany przez Konsumenta Produkt powinien zosta\u0107 opakowany w odpowiedni spos\u00f3b, zapewniaj\u0105cy brak uszkodze\u0144 w trakcie transportu. Produkt powinien by\u0107 opakowany w oryginalne opakowanie. Bezpo\u015brednie koszty zwrotu towaru do Sprzedawcy ponosi Konsument.<\/p>\n\n\n\n<p>7. Konsument odpowiada za zmniejszenie warto\u015bci Produktu wynikaj\u0105ce z korzystania z niej w spos\u00f3b inny ni\u017c by\u0142o to konieczne do stwierdzenia charakteru, cech i funkcjonowania Produktu.<\/p>\n\n\n\n<p>8. Konsument jest zobowi\u0105zany dokona\u0107 zwrotu Produktu niezw\u0142ocznie, jednak\u017ce nie p\u00f3\u017aniej ni\u017c w terminie 14 dni od dnia, w kt\u00f3rym odst\u0105pi\u0142 od umowy. Do zachowania tego terminu wystarczy odes\u0142anie produktu Sprzedawcy przed jego up\u0142ywem.<\/p>\n\n\n\n<p>9. W przypadku odst\u0105pienia od umowy przez Konsumenta, je\u017celi jakiekolwiek p\u0142atno\u015bci zosta\u0142y dokonane przez Konsumenta, ich zwrot nast\u0105pi w terminie do 14 dni od dnia otrzymania zwr\u00f3conego Produktu do Sprzedawcy, tym samym kana\u0142em, kt\u00f3rym Kupuj\u0105cy dokona\u0142 p\u0142atno\u015bci (wy\u0142\u0105czaj\u0105c szybkie p\u0142atno\u015bci), chyba \u017ce Konsument wyra\u017anie zgodzi si\u0119 na inn\u0105 form\u0119 zwrotu p\u0142atno\u015bci. W ka\u017cdym przypadku Konsument nie ponosi koszt\u00f3w zwrotu p\u0142atno\u015bci.<\/p>\n\n\n\n<p>10. Wszelkie dodatkowe koszty wynikaj\u0105ce z wyboru przez Konsumenta sposobu dostarczenia produktu ponosi Konsument.<\/p>\n\n\n\n<p>11. Prawo odst\u0105pienia od umowy nie przys\u0142uguje Konsumentowi w odniesieniu do umowy:<\/p>\n\n\n\n<ul class=\"wp-block-list\">\n<li>w kt\u00f3rej przedmiotem \u015bwiadczenia jest Produkt nieprefabrykowany, wyprodukowany wed\u0142ug specyfikacji Konsumenta lub s\u0142u\u017c\u0105cy zaspokojeniu jego zindywidualizowanych potrzeb, np.: przygotowany pod konkretny wymiar, w konkretnej specyfikacji (np. kolor, rozmiar); czy zawieraj\u0105cy personalizowane dane  podstawa prawna: art.38 Ustawa o prawach konsumenta;<\/li>\n\n\n\n<li>w kt\u00f3rej przedmiotem \u015bwiadczenia jest Produkt, kt\u00f3ry po dostarczeniu, ze wzgl\u0119du na sw\u00f3j charakter, zostaje nieroz\u0142\u0105cznie po\u0142\u0105czony z innymi rzeczami.<\/li>\n<\/ul>\n\n\n\n<p><strong>FORMULARZ ZWROTU\u00a0<\/strong><\/p>\n\n\n\n<p>&#8220;Zwroty&#8221;<\/p>\n\n\n\n<p>Kazaroo&nbsp;<\/p>\n\n\n\n<p>Bednarska 19<\/p>\n\n\n\n<p>95-054 Ksawer\u00f3w<\/p>\n\n\n\n<p>Jak dokona\u0107 zwrotu?<\/p>\n\n\n\n<p>Zwracany towar musi by\u0107 nowy, nie mo\u017ce posiada\u0107 znak\u00f3w u\u017cytkowania<\/p>\n\n\n\n<p><a href=\"https:\/\/kazaroo.pl\/shop\/formularz.pdf\">Pobierz<\/a> z naszej strony formularz odst\u0105pienia od umowy lub wype\u0142nij formularz znajduj\u0105cy si\u0119 <a href=\"https:\/\/kazaroo.pl\/shop\/formularz-zwrotu\/\">tutaj<\/a><\/p>\n\n\n\n<p>Wy\u015blij paczk\u0119 razem z dowodem zakupu i wype\u0142nionym formularzem na adres: Typemofos Maciej Mraczek Bednarska 19 95-054 Ksawer\u00f3w<\/p>\n\n\n\n<p>Po otrzymaniu paczki z towarem mo\u017cliwie jak najszybciej zwr\u00f3cimy Ci pieni\u0105dze&nbsp;<\/p>\n\n\n\n<p><strong>Pami\u0119taj! Nie odbieramy paczek wys\u0142anych za pobraniem.<\/strong><\/p>\n\n\n\n<p>Jak zg\u0142osi\u0107 reklamacj\u0119?<\/p>\n\n\n\n<p>Je\u015bli otrzyma\u0142e\u015b towar z kt\u00f3r\u0105kolwiek z ni\u017cej wymienionych wad zg\u0142o\u015b reklamacj\u0119:<\/p>\n\n\n\n<ul class=\"wp-block-list\">\n<li>b\u0142\u0105d nadruku (jest inny wz\u00f3r ni\u017c zamawia\u0142e\u015b)<\/li>\n\n\n\n<li>produkt jest uszkodzony<\/li>\n\n\n\n<li>z\u0142y rozmiar (zamawia\u0142e\u015b S a dosta\u0142e\u015b M)<\/li>\n\n\n\n<li>pomylony towar (zamawia\u0142e\u015b bluz\u0119, dosta\u0142e\u015b koszulk\u0119)<\/li>\n<\/ul>\n\n\n\n<p><strong><em>Je\u017celi nie jeste\u015b pewien czy reklamacja zostanie rozpatrzona pozytywnie wy\u015blij nam e-maila ze zdj\u0119ciem wady na adres sklep@kazaroo.pl lub wype\u0142nij formularz on-line znajduj\u0105cy si\u0119 <a href=\"https:\/\/kazaroo.pl\/shop\/formularz-zwrotu\/\">tutaj<\/a> odezwiemy si\u0119 do Ciebie i zrobimy tak \u017ceby\u015b by\u0142 usatsyfakcjonowany<\/em><\/strong><\/p>\n\n\n\n<p>Zach\u0119camy do wype\u0142nienia najpierw formularza zwrotu on-line i kontaktu z nami w celu konsultacji czy towar podlega reklamacji.<\/p>\n\n\n\n<p>Po otrzymaniu paczki reklamacja zostanie rozpatrzona w ci\u0105gu do 14 dni (zazwyczaj s\u0105 to 1-3 dni robocze), o jej wyniku zostaniesz powiadomiony e-mailem<\/p>\n\n\n\n<p>mo\u017cesz wys\u0142a\u0107 paczk\u0119 Poczt\u0105 Polsk\u0105 \u2013 nasza sugestia \ud83d\ude42<\/p>\n\n\n\n<p>reklamacja rozpatrzona pozytywnie \u2013 zwracamy koszty wysy\u0142ki towaru reklamowanego oraz wysy\u0142amy na sw\u00f3j koszt nowy towar<\/p>\n\n\n\n<p>reklamacja odrzucona \u2013 Kupuj\u0105cy nie dostaje zwrotu za wysy\u0142k\u0119 reklamowanego towaru oraz jest zobowi\u0105zany poinformowa\u0107 nas co mamy zrobi\u0107 z towarem,<\/p>\n\n\n\n<p><\/p>\n","protected":false},"excerpt":{"rendered":"<p>Zwroty i rekamacje 1. Konsument mo\u017ce odst\u0105pi\u0107 od umowy zawartej na odleg\u0142o\u015b\u0107, sk\u0142adaj\u0105c stosowne o\u015bwiadczenie na pi\u015bmie, w terminie 14 dni. 2. Termin odst\u0105pienia od umowy, o kt\u00f3rym mowa powy\u017cej rozpoczyna si\u0119: dla umowy, w wykonaniu kt\u00f3rej przedsi\u0119biorca wydaje rzecz, b\u0119d\u0105c zobowi\u0105zany do przeniesienia jej w\u0142asno\u015bci &#8211; od obj\u0119cia rzeczy w posiadanie przez Konsumenta lub &hellip;<\/p>\n<p class=\"read-more\"> <a class=\"\" href=\"https:\/\/kazaroo.pl\/shop\/zwroty\/\"> <span class=\"screen-reader-text\">Zwroty<\/span> Read More &raquo;<\/a><\/p>\n","protected":false},"author":1,"featured_media":0,"parent":0,"menu_order":0,"comment_status":"closed","ping_status":"closed","template":"","meta":{"site-sidebar-layout":"default","site-content-layout":"default","ast-global-header-display":"","ast-main-header-display":"","ast-hfb-above-header-display":"","ast-hfb-below-header-display":"","ast-hfb-mobile-header-display":"","site-post-title":"","ast-breadcrumbs-content":"","ast-featured-img":"","footer-sml-layout":"","theme-transparent-header-meta":"","adv-header-id-meta":"","stick-header-meta":"","header-above-stick-meta":"","header-main-stick-meta":"","header-below-stick-meta":"","footnotes":""},"class_list":["post-1084","page","type-page","status-publish","hentry"],"yoast_head":"<!-- This site is optimized with the Yoast SEO plugin v23.5 - https:\/\/yoast.com\/wordpress\/plugins\/seo\/ -->\n<title>Zwroty - Kazaroo - nowy wymiar zdobienia<\/title>\n<meta name=\"robots\" content=\"index, follow, max-snippet:-1, max-image-preview:large, max-video-preview:-1\" \/>\n<link rel=\"canonical\" href=\"https:\/\/kazaroo.pl\/shop\/zwroty\/\" \/>\n<meta property=\"og:locale\" content=\"pl_PL\" \/>\n<meta property=\"og:type\" content=\"article\" \/>\n<meta property=\"og:title\" content=\"Zwroty - Kazaroo - nowy wymiar zdobienia\" \/>\n<meta property=\"og:description\" content=\"Zwroty i rekamacje 1. Konsument mo\u017ce odst\u0105pi\u0107 od umowy zawartej na odleg\u0142o\u015b\u0107, sk\u0142adaj\u0105c stosowne o\u015bwiadczenie na pi\u015bmie, w terminie 14 dni. 2. Termin odst\u0105pienia od umowy, o kt\u00f3rym mowa powy\u017cej rozpoczyna si\u0119: dla umowy, w wykonaniu kt\u00f3rej przedsi\u0119biorca wydaje rzecz, b\u0119d\u0105c zobowi\u0105zany do przeniesienia jej w\u0142asno\u015bci &#8211; od obj\u0119cia rzeczy w posiadanie przez Konsumenta lub &hellip; Zwroty Read More &raquo;\" \/>\n<meta property=\"og:url\" content=\"https:\/\/kazaroo.pl\/shop\/zwroty\/\" \/>\n<meta property=\"og:site_name\" content=\"Kazaroo - nowy wymiar zdobienia\" \/>\n<meta property=\"article:modified_time\" content=\"2024-11-06T17:28:17+00:00\" \/>\n<meta name=\"twitter:card\" content=\"summary_large_image\" \/>\n<meta name=\"twitter:label1\" content=\"Szacowany czas czytania\" \/>\n\t<meta name=\"twitter:data1\" content=\"5 minut\" \/>\n<script type=\"application\/ld+json\" class=\"yoast-schema-graph\">{\"@context\":\"https:\/\/schema.org\",\"@graph\":[{\"@type\":\"WebPage\",\"@id\":\"https:\/\/kazaroo.pl\/shop\/zwroty\/\",\"url\":\"https:\/\/kazaroo.pl\/shop\/zwroty\/\",\"name\":\"Zwroty - Kazaroo - nowy wymiar zdobienia\",\"isPartOf\":{\"@id\":\"https:\/\/kazaroo.pl\/shop\/#website\"},\"datePublished\":\"2023-04-26T15:29:10+00:00\",\"dateModified\":\"2024-11-06T17:28:17+00:00\",\"breadcrumb\":{\"@id\":\"https:\/\/kazaroo.pl\/shop\/zwroty\/#breadcrumb\"},\"inLanguage\":\"pl-PL\",\"potentialAction\":[{\"@type\":\"ReadAction\",\"target\":[\"https:\/\/kazaroo.pl\/shop\/zwroty\/\"]}]},{\"@type\":\"BreadcrumbList\",\"@id\":\"https:\/\/kazaroo.pl\/shop\/zwroty\/#breadcrumb\",\"itemListElement\":[{\"@type\":\"ListItem\",\"position\":1,\"name\":\"Strona g\u0142\u00f3wna\",\"item\":\"https:\/\/kazaroo.pl\/shop\/\"},{\"@type\":\"ListItem\",\"position\":2,\"name\":\"Zwroty\"}]},{\"@type\":\"WebSite\",\"@id\":\"https:\/\/kazaroo.pl\/shop\/#website\",\"url\":\"https:\/\/kazaroo.pl\/shop\/\",\"name\":\"Kazaroo - nowy wymiar zdobienia\",\"description\":\"Wzory \",\"publisher\":{\"@id\":\"https:\/\/kazaroo.pl\/shop\/#organization\"},\"potentialAction\":[{\"@type\":\"SearchAction\",\"target\":{\"@type\":\"EntryPoint\",\"urlTemplate\":\"https:\/\/kazaroo.pl\/shop\/?s={search_term_string}\"},\"query-input\":{\"@type\":\"PropertyValueSpecification\",\"valueRequired\":true,\"valueName\":\"search_term_string\"}}],\"inLanguage\":\"pl-PL\"},{\"@type\":\"Organization\",\"@id\":\"https:\/\/kazaroo.pl\/shop\/#organization\",\"name\":\"Kazaroo - motywy d\u017cetowe | druk dtf | znakowanie foli\u0105 flex i flock\",\"url\":\"https:\/\/kazaroo.pl\/shop\/\",\"logo\":{\"@type\":\"ImageObject\",\"inLanguage\":\"pl-PL\",\"@id\":\"https:\/\/kazaroo.pl\/shop\/#\/schema\/logo\/image\/\",\"url\":\"https:\/\/kazaroo.pl\/shop\/wp-content\/uploads\/2021\/07\/Kazaroo-logo-fina-05.svg\",\"contentUrl\":\"https:\/\/kazaroo.pl\/shop\/wp-content\/uploads\/2021\/07\/Kazaroo-logo-fina-05.svg\",\"width\":116,\"height\":97,\"caption\":\"Kazaroo - motywy d\u017cetowe | druk dtf | znakowanie foli\u0105 flex i flock\"},\"image\":{\"@id\":\"https:\/\/kazaroo.pl\/shop\/#\/schema\/logo\/image\/\"},\"sameAs\":[\"https:\/\/www.instagram.com\/kazaroo_shop\"]}]}<\/script>\n<!-- \/ Yoast SEO plugin. -->","yoast_head_json":{"title":"Zwroty - Kazaroo - nowy wymiar zdobienia","robots":{"index":"index","follow":"follow","max-snippet":"max-snippet:-1","max-image-preview":"max-image-preview:large","max-video-preview":"max-video-preview:-1"},"canonical":"https:\/\/kazaroo.pl\/shop\/zwroty\/","og_locale":"pl_PL","og_type":"article","og_title":"Zwroty - Kazaroo - nowy wymiar zdobienia","og_description":"Zwroty i rekamacje 1. Konsument mo\u017ce odst\u0105pi\u0107 od umowy zawartej na odleg\u0142o\u015b\u0107, sk\u0142adaj\u0105c stosowne o\u015bwiadczenie na pi\u015bmie, w terminie 14 dni. 2. Termin odst\u0105pienia od umowy, o kt\u00f3rym mowa powy\u017cej rozpoczyna si\u0119: dla umowy, w wykonaniu kt\u00f3rej przedsi\u0119biorca wydaje rzecz, b\u0119d\u0105c zobowi\u0105zany do przeniesienia jej w\u0142asno\u015bci &#8211; od obj\u0119cia rzeczy w posiadanie przez Konsumenta lub &hellip; Zwroty Read More &raquo;","og_url":"https:\/\/kazaroo.pl\/shop\/zwroty\/","og_site_name":"Kazaroo - nowy wymiar zdobienia","article_modified_time":"2024-11-06T17:28:17+00:00","twitter_card":"summary_large_image","twitter_misc":{"Szacowany czas czytania":"5 minut"},"schema":{"@context":"https:\/\/schema.org","@graph":[{"@type":"WebPage","@id":"https:\/\/kazaroo.pl\/shop\/zwroty\/","url":"https:\/\/kazaroo.pl\/shop\/zwroty\/","name":"Zwroty - Kazaroo - nowy wymiar zdobienia","isPartOf":{"@id":"https:\/\/kazaroo.pl\/shop\/#website"},"datePublished":"2023-04-26T15:29:10+00:00","dateModified":"2024-11-06T17:28:17+00:00","breadcrumb":{"@id":"https:\/\/kazaroo.pl\/shop\/zwroty\/#breadcrumb"},"inLanguage":"pl-PL","potentialAction":[{"@type":"ReadAction","target":["https:\/\/kazaroo.pl\/shop\/zwroty\/"]}]},{"@type":"BreadcrumbList","@id":"https:\/\/kazaroo.pl\/shop\/zwroty\/#breadcrumb","itemListElement":[{"@type":"ListItem","position":1,"name":"Strona g\u0142\u00f3wna","item":"https:\/\/kazaroo.pl\/shop\/"},{"@type":"ListItem","position":2,"name":"Zwroty"}]},{"@type":"WebSite","@id":"https:\/\/kazaroo.pl\/shop\/#website","url":"https:\/\/kazaroo.pl\/shop\/","name":"Kazaroo - nowy wymiar zdobienia","description":"Wzory ","publisher":{"@id":"https:\/\/kazaroo.pl\/shop\/#organization"},"potentialAction":[{"@type":"SearchAction","target":{"@type":"EntryPoint","urlTemplate":"https:\/\/kazaroo.pl\/shop\/?s={search_term_string}"},"query-input":{"@type":"PropertyValueSpecification","valueRequired":true,"valueName":"search_term_string"}}],"inLanguage":"pl-PL"},{"@type":"Organization","@id":"https:\/\/kazaroo.pl\/shop\/#organization","name":"Kazaroo - motywy d\u017cetowe | druk dtf | znakowanie foli\u0105 flex i flock","url":"https:\/\/kazaroo.pl\/shop\/","logo":{"@type":"ImageObject","inLanguage":"pl-PL","@id":"https:\/\/kazaroo.pl\/shop\/#\/schema\/logo\/image\/","url":"https:\/\/kazaroo.pl\/shop\/wp-content\/uploads\/2021\/07\/Kazaroo-logo-fina-05.svg","contentUrl":"https:\/\/kazaroo.pl\/shop\/wp-content\/uploads\/2021\/07\/Kazaroo-logo-fina-05.svg","width":116,"height":97,"caption":"Kazaroo - motywy d\u017cetowe | druk dtf | znakowanie foli\u0105 flex i flock"},"image":{"@id":"https:\/\/kazaroo.pl\/shop\/#\/schema\/logo\/image\/"},"sameAs":["https:\/\/www.instagram.com\/kazaroo_shop"]}]}},"_links":{"self":[{"href":"https:\/\/kazaroo.pl\/shop\/wp-json\/wp\/v2\/pages\/1084","targetHints":{"allow":["GET"]}}],"collection":[{"href":"https:\/\/kazaroo.pl\/shop\/wp-json\/wp\/v2\/pages"}],"about":[{"href":"https:\/\/kazaroo.pl\/shop\/wp-json\/wp\/v2\/types\/page"}],"author":[{"embeddable":true,"href":"https:\/\/kazaroo.pl\/shop\/wp-json\/wp\/v2\/users\/1"}],"replies":[{"embeddable":true,"href":"https:\/\/kazaroo.pl\/shop\/wp-json\/wp\/v2\/comments?post=1084"}],"version-history":[{"count":5,"href":"https:\/\/kazaroo.pl\/shop\/wp-json\/wp\/v2\/pages\/1084\/revisions"}],"predecessor-version":[{"id":3116,"href":"https:\/\/kazaroo.pl\/shop\/wp-json\/wp\/v2\/pages\/1084\/revisions\/3116"}],"wp:attachment":[{"href":"https:\/\/kazaroo.pl\/shop\/wp-json\/wp\/v2\/media?parent=1084"}],"curies":[{"name":"wp","href":"https:\/\/api.w.org\/{rel}","templated":true}]}}